 - 30?
-23
In base 7, what is -4 - 1655?
-1662
In base 11, what is -4 - a73?
-a77
In base 12, what is 4 - 4b6?
-4b2
In base 5, what is 4014 - 10?
4004
In base 10, what is 5 - 20?
-15
In base 4, what is 1 + -21211?
-21210
In base 16, what is -ca5 - 4?
-ca9
In base 11, what is -3 - -62?
5a
In base 8, what is -24 + -4?
-30
In base 12, what is 3 + 235?
238
In base 13, what is 20 - 74?
-54
In base 10, what is 17762 + -1?
17761
In base 2, what is -10111000 - 110?
-10111110
In base 16, what is 49 + 2?
4b
In base 13, what is 2c - 7?
25
In base 12, what is -64 + -3?
-67
In base 3, what is 1 - 12001021?
-12001020
In base 10, what is -7 - 121?
-128
In base 15, what is -5 - -32?
2c
In base 7, what is -2 + -346?
-351
In base 2, what is -11100011 + 0?
-11100011
In base 9, what is -146 + 3?
-143
In base 2, what is 1001100 - -1001?
1010101
In base 13, what is -22 - 10?
-32
In base 13, what is -419 - 0?
-419
In base 13, what is -336 + 0?
-336
In base 15, what is 162e - 4?
162a
In base 6, what is -251345 - -3?
-251342
In base 14, what is 2635 + 0?
2635
In base 10, what is 44 - 5?
39
In base 8, what is -751 - -1?
-750
In base 5, what is -3 - -111?
103
In base 4, what is -1 + 2010?
2003
In base 2, what is 10100 - -110?
11010
In base 8, what is -55 - -230?
153
In base 8, what is 23021 - -1?
23022
In base 10, what is -5 + 6443?
6438
In base 15, what is c1 - -3?
c4
In base 11, what is 20 + -71?
-51
In base 16, what is 23f + 2?
241
In base 11, what is 2086 + 1?
2087
In base 9, what is -100 + -10?
-110
In base 4, what is 13201 + -1?
13200
In base 5, what is 103 - -144?
302
In base 6, what is -10 - 434?
-444
In base 8, what is -12 - -521?
507
In base 11, what is -2036 + 3?
-2033
In base 6, what is 103 + -10?
53
In base 4, what is 10 + 203312?
203322
In base 7, what is 1 - -5?
6
In base 16, what is -564 - 0?
-564
In base 9, what is 1 - 5337?
-5336
In base 3, what is -2222211 - 20?
-10000001
In base 6, what is 0 - 255?
-255
In base 13, what is 6a0 - -1?
6a1
In base 5, what is -10 + 434?
424
In base 10, what is 12 + -75?
-63
In base 14, what is 2 - -78?
7a
In base 2, what is 111010001 + -11011?
110110110
In base 12, what is -5a - 117?
-175
In base 3, what is 22 - -200112?
200211
In base 15, what is 2c - -2?
2e
In base 14, what is -ba + 3?
-b7
In base 12, what is 1027 - 0?
1027
In base 4, what is -110 + 11?
-33
In base 9, what is 412 - -3?
415
In base 9, what is -2 - 4254?
-4256
In base 11, what is -287 + -4?
-290
In base 5, what is 10434 + -3?
10431
In base 16, what is d + 7?
14
In base 5, what is 1032 + -3?
1024
In base 16, what is -11b - 8?
-123
In base 11, what is 81 - -7a?
150
In base 13, what is 1 + 16a?
16b
In base 14, what is 34 - 0?
34
In base 5, what is -310 + -3?
-313
In base 8, what is -5 + 7125?
7120
In base 7, what is -223 - 1?
-224
In base 10, what is -7 - 289?
-296
In base 16, what is d3 - 1c?
b7
In base 11, what is 24306 + -5?
24301
In base 14, what is -3 - 18a0?
-18a3
In base 12, what is 3 - -161?
164
In base 6, what is -3 + 240?
233
In base 2, what is -101 - -1001111110110?
1001111110001
In base 3, what is -20122 + -212?
-21111
In base 3, what is -11 + 111101?
111020
In base 15, what is -10 + -4e?
-5e
In base 8, what is 5 + 2223?
2230
In base 7, what is -3263 + 2?
-3261
In base 13, what is -cc6 - -7?
-cbc
In base 12, what is -5 + -202?
-207
In base 13, what is 3 - 1?
2
In base 14, what is 1 - -88?
89
In base 3, what is -12 - 200101?
-200120
In base 2, what is 101001 - -100?
101101
In base 3, what is 12 - 1121?
-1102
In base 13, what is -352 - 4?
-356
In base 14, what is -152 + -2?
-154
In base 10, what is -14 + 2?
-12
In base 10, what is -1 - 144?
-145
In base 8, what is -2 - -14?
12
In base 15, what is -1 - 88?
-89
In base 11, what is -2 - -3473?
3471
In base 15, what is 1e + -7?
17
In base 15, what is 3 - 4?
-1
In base 12, what is 4 + -158?
-154
In base 8, what is 4 - 113?
-107
In base 15, what is -207 - -5?
-202
In base 8, what is 11 + 65?
76
In base 4, what is -11232 - 112?
-12010
In base 11, what is 15 + -352?
-338
In base 7, what is -15 + 100?
52
In base 3, what is 0 + 1220200?
1220200
In base 9, what is -2 + 308?
306
In base 3, what is -1 - 2?
-10
In base 4, what is -32322 + -2?
-32330
In base 14, what is 273 + -c?
265
In base 10, what is -65 - 197?
-262
In base 11, what is 2106 - 4?
2102
In base 9, what is 120 - 0?
120
In base 15, what is 4 + 47?
4b
In base 4, what is -2 - -32203?
32201
In base 11, what is -3a7 - -4?
-3a3
In base 8, what is -24 - -1?
-23
In base 7, what is -4652 + -5?
-4660
In base 5, what is -4 - -133143?
133134
In base 8, what is 1375 - -5?
1402
In base 13, what is -25 + 2a?
5
In base 8, what is 671 - -5?
676
In base 7, what is 364 + -103?
261
In base 13, what is a88 - 2?
a86
In base 3, what is 21200 - 122?
21001
In base 15, what is -d + -66?
-74
In base 16, what is -1 - 38?
-39
In base 12, what is 3 + 166?
169
In base 9, what is 5 - -3354?
3360
In base 16, what is 18 - -9b?
b3
In base 9, what is -247 - 2?
-250
In base 9, what is 1 - 365?
-364
In base 10, what is -26008 - 4?
-26012
In base 6, what is 3 - 2112?
-2105
In base 6, what is -113 - -100?
-13
In base 12, what is 274 + 3?
277
In base 14, what is 16c + -2?
16a
In base 6, what is 3 - -251?
254
In base 2, what is -100 - -1001110?
1001010
In base 15, what is 6b + -7?
64
In base 16, what is 4 - -15?
19
In base 2, what is -100 + 1100010?
1011110
In base 5, what is 3 - 103?
-100
In base 4, what is -203 + -112?
-321
In base 16, what is 0 - -3c5?
3c5
In base 8, what is 23 + -7?
14
In base 13, what is 94 - -7?
9b
In base 12, what is -2b + 21?
-a
In base 4, what is -2 + -10?
-12
In base 4, what is -10 - 2012?
-2022
In base 5, what is 2110 - -20?
2130
In base 12, what is 3 - 1b?
-18
In base 12, what is -7 + 9?
2
In base 5, what is 32 + -1102?
-1020
In base 12, what is -90 + -36?
-106
In base 7, what is -45 + 533?
455
In base 2, what is 100101000010 + 11?
100101000101
In base 7, what is -1 - 1113?
-1114
In base 10, what is -14 + 106?
92
In base 11, what is -27 + 53?
27
In base 12, what is 6661 - 4?
6659
In base 11, what is 0 - -73?
73
In base 4, what is -2 - -310200?
310132
In base 16, what is -ec - -3?
-e9
In base 5, what is -204113 - 2?
-204120
In base 10, what is 51 + -599?
-548
In base 12, what is 0 - 0?
0
In base 15, what is 7d - 4?
79
In base 8, what is -525 + -3?
-530
In base 5, what is -2 - 344?
-401
In base 10, what is -7 + 66?
59
In base 3, what is 102021 + 2020?
111111
In base 5, what is 3 - -240?
243
In base 14, what is -6420 + -2?
-6422
In base 3, what is 1111 - -1?
1112
In base 14, what is 7 + 465?
46c
In base 16, what is 2 - a97?
-a95
In base 10, what is 5 + -898?
-893
In base 13, what is -697 - 20?
-6b7
In base 3, what is -20222 + -10?
-21002
In base 15, what is -7 + -17?
-1e
In base 3, what is 221 + -12001?
-11010
In base 11, what is 1603 - 1?
1602
In base 5, what is 4 + -414?
-410
In base 10, what is 102 - -2?
104
In base 7, what is -6 + 1320?
1311
In base 3, what is -202222 + -1?
-210000
In base 6, what is 3 - 204?
-201
In base 10, what is 100 - 4?
96
In base 14, what is -3 + 32?
2d
In base 8, what is -4 - 21?
-25
In base 8, what is -107 - 10?
-117
In base 13, what is 668 + -1?
667
In base 3, what is 112212 + -2?
112210
In base 12, what is 470 - 5?
467
In base 14, what is b1 - -7?
b8
In base 3, what is 210201 + -2?
210122
In base 12, what is 2 + -233?
-231
In base 8, what is 14 - 52?
-36
In base 5, what is -44 - 1041?
-1140
In base 3, what is 121120 - -12?
121202
In base 2, what is -10001100 + -10?
-10001110
In base 11, what is -1393 + -13?
-13a6
In base 8, what is 13 - 100?
-65
In base 16, what is 31b6 - -3?
31b9
In base 3, what is -1000120 - 2?
-1000122
In base 4, what is 1131 - 0?
1131
In base 8, what is 66 + -3?
63
In base 7, what is 20 - -12?
32
In base 3, what is -10101 - -110?
-2221
In base 11, what is 5 + -1086?
-1081
In base 14, what is c + -58?
-4a
In base 16, what is -18 - 78?
-90
In base 6, what is 5 - 5?
0
In base 16, what is 77 - 47?
30
In base 9, what is -206 + -3?
-210
In base 13, what is 71 - -4?
75
In base 10, what is 4 - -87?
91
In base 5, what is 10 + 10120?
10130
In base 5, what is -40434 - -10?
-40424
In base 4, what is 10313 + -1?
10312
In base 12, what is -30 - a?
-3a
In base 14, what is -507 + -2?
-509
In base 13, what is -c + -76?
-8